 be p(0). What is the remainder when (-5)/(-2)*2/y*-37 is divided by 4?
1
Suppose -9*o + 6*o = -78. Suppose -o + 14 = -6*g. Suppose -2*n = g*d - 90, -d + 201 = 4*d - 3*n. What is the remainder when d is divided by 15?
12
Let p = -17 + 22. Suppose a + 12 = p*a. Calculate the remainder when 272 is divided by 13/(a - 32/12).
38
Suppose -216*v = -222*v + 18. Suppose v*u + 3*s = -s + 894, -3*u = -3*s - 873. Calculate the remainder when u is divided by 37.
35
Let v be -4*10 + (-6 - -7). Let d = v - -42. Calculate the remainder when 7 is divided by d.
1
Let m be 6/8 + 4520/32. Let a = -71 + m. Suppose 0 = -5*r + 44 + 16. What is the remainder when a is divided by r?
11
Calculate the remainder when 3567 is divided by 2415/147 - 8/(-14).
14
Let u(i) be the third derivative of -i**4/8 + i**3/6 + i**2 - 12. What is the remainder when 46 is divided by u(-4)?
7
Suppose -203 = k - 250. Let n = 1 + 2. Let a(b) = 3*b + 3. Calculate the remainder when k is divided by a(n).
11
Suppose -5*s + 4*y = -49, -2*y - 6778 + 6746 = -4*s. Calculate the remainder when (-12)/2*7/(-2) is divided by s.
1
Let d(x) = -502*x + 3848. Let p(j) = j + 16. What is the remainder when d(7) is divided by p(0)?
14
Let z(n) be the second derivative of -n**4/12 + 2*n**3/3 - 5*n**2 + 24*n. Let a be z(4). Let y = a + 29. Calculate the remainder when y is divided by 6.
1
Suppose 111989 = 176*y + 46693. Calculate the remainder when y is divided by 79.
55
Let k(g) = -8*g**2 - 4*g**2 + 19 - 10256*g + g**3 + 10257*g. Calculate the remainder when 119 is divided by k(12).
26
Suppose 0 = -3*t + 2*f + 179 + 147, t - f = 109. Calculate the remainder when 334 is divided by t.
10
Let k = -284 - -749. Suppose 28*x = 33*x - k. Calculate the remainder when x is divided by 53.
40
Suppose s = 7 + 7. Suppose -15*g + 613*g = 15548. Calculate the remainder when g is divided by s.
12
Let l(a) = -159*a**3 - 2*a**2 - 6*a - 5. Let f be l(-1). Suppose f*k - 260 = 148*k. Calculate the remainder when 42 is divided by k.
16
What is the remainder when 8149 is divided by -1*15*(7 + 9/((-189)/161))?
9
Let n be ((-36)/(-63))/(1 - (-19)/(-21)). Suppose n*p + 121 = 169. Calculate the remainder when p is divided by 5.
3
Let c(r) be the first derivative of 19*r**3/3 - r**2/2 + 2*r - 3. Calculate the remainder when c(1) is divided by (9/6)/((-6)/(-32)).
4
Let g = -13429 - -13490. Calculate the remainder when 914 is divided by g.
60
Let h = 52 - 35. Suppose d - 18 = -0*d - k, k - 74 = -5*d. Suppose -u - 832 = -d*u. What is the remainder when u is divided by h?
13
Let z = 32 + -21. Let f(g) = 15*g - 159. Calculate the remainder when 10 is divided by f(z).
4
Suppose 2*q + 2*s + 3*s - 117 = 0, -318 = -5*q - 4*s. Let p(g) = g**3 + 8*g**2 + 30*g + 89. What is the remainder when q is divided by p(-5)?
10
Let l(q) = -q + 54. Suppose -18 = d + 3. What is the remainder when l(d) is divided by 39?
36
Suppose -178*n + 124*n = -1134. Let s(o) = -o**2 + 7*o + 4. Let q be s(7). Calculate the remainder when n is divided by 24/(-9)*(-9)/q.
3
Calculate the remainder when 308 is divided by (96/46 - 2) + (-87453)/(-2829).
29
Let d be -13 + (0 + 5 - 1). Let t(q) = -q**3 - 10*q**2 - 8*q + 13. Let x be t(d). Calculate the remainder when (-379)/(-4) + (-3)/x is divided by 19.
18
Suppose 53*r = -26*r + 68019. What is the remainder when r is divided by 834?
27
Suppose 60*n - 436 - 584 = 0. Calculate the remainder when 46 is divided by n.
12
Let f be (-2)/((12/(-14265))/2). Suppose -o + f = -4749. What is the remainder when (-1)/(-5) + (o/(-20))/(-4) is divided by 20?
19
Let i(r) = -r**2 + 16*r - 9. Let b be i(15). Let w be (-6 + 4)/(3/b). What is the remainder when 54 is divided by (-413)/(-28) - (-3)/w?
12
Let o(p) = 8*p - 10. Let v be o(1). Let a(w) = 2*w**3 - 3*w**2 - 6*w - 2. Let u be a(v). Let y = 34 + u. Calculate the remainder when 44 is divided by y.
12
What is the remainder when 172 is divided by (-25)/(-600) - (-6545)/168?
16
Let f be 97/((6/(-2))/9) + 1. Calculate the remainder when (-3)/(15/f) - -2 is divided by 19.
3
Suppose 0 = -2*q - 1 - 7. Let m(r) = -20*r + 30. Let w(l) = -6*l + 9. Let d(g) = 5*m(g) - 16*w(g). What is the remainder when 41 is divided by d(q)?
19
Let c = 301 + -282. Calculate the remainder when 66 is divided by ((-4)/6)/(((-266)/735)/c).
31
Suppose 0 = -2*n + n + 2. Suppose 0*g + 44 = -2*r + n*g, 59 = -2*r + 5*g. Let l = 78 + r. Calculate the remainder when l is divided by 21.
19
What is the remainder when 5992 is divided by (-2)/(-10) - (-41888)/385?
106
Suppose 25*m - 28853 = -3*m - 33*m. Calculate the remainder when m is divided by 136.
65
Let d(r) be the first derivative of 11*r**2/2 - 57*r - 481. Let q = -16 - -23. Calculate the remainder when d(q) is divided by 11.
9
Let o(a) = a**3 + 5*a**2 + 3*a - 4. Suppose -70*r + 22*r + 150 = -23*r. What is the remainder when r is divided by o(-3)?
1
Let d be (-3 + -3)*(-497)/(-14). Let n = 277 + d. What is the remainder when n is divided by 18?
10
Let q(x) = 2*x**3 - 20*x**2 + 3*x - 9. Let r be q(10). Suppose 1120 = -s + r*s. Calculate the remainder when s is divided by 32.
24
Suppose 2*l - 422 = 168*i - 167*i, -4*i - 422 = -2*l. What is the remainder when l is divided by 44?
35
Suppose -2*m = -2*h + 2, 0 = -4*m - h + 13 - 2. Suppose -11 = -r - m. Calculate the remainder when ((-3)/r)/(6/(-1908)) is divided by 36.
34
Suppose -2418 = -2736*l + 2674*l. What is the remainder when 4249 is divided by l?
37
Let a = -9245 - -19188. What is the remainder when a is divided by 113?
112
Let l(v) = 3*v**2 - 2*v + 44. What is the remainder when 1119 is divided by l(8)?
19
Let a(c) = 4*c**2 + 4*c - 6. Let o be a(2). Let d be o*54 - (-21)/7. What is the remainder when d/21 - (-15)/(-35) is divided by 8?
6
Let y(b) = b**2 + 11*b + 48. Calculate the remainder when y(-21) is divided by 48.
18
Let r = -4213 - -4287. What is the remainder when 147 - -2*(-1 + 0) is divided by r?
71
Let j be ((-3808)/(-40))/((-4)/40). What is the remainder when (-3)/6 - j/16 is divided by 16?
11
What is the remainder when 521 is divided by (5*51/(-340))/(3/(-20))?
1
Let v = 585 + -583. Calculate the remainder when 48 is divided by (-96)/(-4) + (v/(-2) - 4).
10
Suppose -67 = -4*z + 5. Let g(n) = n**3 - 22*n**2 - 42*n - 2. Calculate the remainder when g(24) is divided by z.
16
Calculate the remainder when (-10*(-6)/(-12))/(40/(-1136)) is divided by 119.
23
Suppose 4*s = 4*y + 4, -17 = -3*y - 4*s + 2*s. Suppose 2*c - 11 = -4*o + 305, -5*c + y*o + 751 = 0. What is the remainder when c is divided by 26?
22
Calculate the remainder when 5391 is divided by 783/81*63/7.
84
Let g be (71 - 67)/(0 + (-8)/(-10)). Let z(r) = 5*r**3 + r**2 - 3*r - 38. Calculate the remainder when z(g) is divided by 20.
17
Let f = 29 - 31. Suppose -183 = 6*i - 33. What is the remainder when 16 is divided by (f + 1)*(i + 16)?
7
Calculate the remainder when (-459)/6*(-16 - -2) is divided by 29.
27
Let q = 51 + -25. Suppose -2*n = q - 82. Suppose -4*k = -3*p + 34, 10*k + 25 = 3*p + 15*k. Calculate the remainder when n is divided by p.
8
Let o(p) = -p + 9. Let n = 767 + -770. Let y(x) = 12*x - 1. What is the remainder when y(4) is divided by o(n)?
11
Suppose -4*q = -66 - 174. Let n = q + -54. Suppose 0 = 16*w - 17*w + n. What is the remainder when 17 is divided by w?
5
Suppose 0 = -0*i + i + 5*z - 14, z + 38 = i. Let x(v) = 10*v**2 - 119*v + 51. Calculate the remainder when x(12) is divided by i.
29
Let v(x) = -756*x - 2059. Calculate the remainder when v(-6) is divided by 11.
2
Suppose -5*r = 25, -1 = -4*i - 0*i - 3*r. Let z(a) = 5*a + 9. Calculate the remainder when (-8 + 5)*1*165/(-9) is divided by z(i).
26
Suppose 0 = 1824*x - 1884*x + 190200. Calculate the remainder when x is divided by 69.
65
Suppose -4*g - c = -2, -7*g + 5*g = -5*c + 10. Suppose -3*m + 134 + 127 = g. Suppose -m = -6*s + 123. What is the remainder when s is divided by 9?
8
Suppose 0 = -5*d + 666 - 46. Suppose -5*c + 4*t + 258 = 0, -7*c + 3*c + 4*t + 208 = 0. Suppose -w - c*w = -1275. Calculate the remainder when d is divided by w.
24
Suppose 2*p + 118 = 4*a + 384, 567 = 4*p - a. Let b = -32 + 57. Let x = b - 7. Calculate the remainder when p is divided by x.
17
Suppose f = -4*f + 10. Suppose q = -q - 4*g + 152, -f*q + g + 137 = 0. Let b = q + -48. What is the remainder wh